est common divisor of 1469589 and 10461?
33
What is the highest common factor of 1677 and 1738815?
39
What is the highest common divisor of 254372 and 4294?
38
What is the highest common divisor of 927913 and 180467?
1421
Calculate the highest common factor of 1008 and 296568144.
144
What is the greatest common factor of 14898352 and 4312?
392
What is the greatest common divisor of 34679735 and 269845?
9305
Calculate the greatest common divisor of 10 and 5912605.
5
What is the highest common factor of 43929 and 1291838?
1627
What is the highest common divisor of 7949783 and 6845?
1369
Calculate the greatest common divisor of 6 and 116611258.
2
Calculate the highest common divisor of 1068285 and 4798695.
3435
What is the greatest common divisor of 64 and 4911200?
32
What is the greatest common factor of 142 and 41910093?
71
What is the highest common factor of 1748075 and 340550?
1225
What is the greatest common divisor of 44 and 42989012?
44
What is the highest common factor of 878 and 2678?
2
Calculate the greatest common divisor of 657 and 112043247.
219
What is the highest common factor of 3348348 and 120?
12
What is the highest common factor of 116 and 174380?
4
Calculate the greatest common divisor of 110685 and 70815.
15
Calculate the greatest common factor of 32478372 and 1254.
114
Calculate the greatest common factor of 290 and 22847070.
290
Calculate the highest common divisor of 108 and 3777570.
54
Calculate the highest common divisor of 1145774 and 4460.
446
Calculate the highest common divisor of 433197 and 4.
1
Calculate the highest common divisor of 15249 and 3328923.
663
Calculate the highest common factor of 14892 and 46964404.
4964
Calculate the greatest common divisor of 165784 and 2968.
424
Calculate the greatest common factor of 372975 and 2535.
15
What is the highest common divisor of 216650 and 184100?
350
Calculate the greatest common divisor of 98222 and 89981.
67
Calculate the greatest common divisor of 7623475 and 449875.
1525
What is the greatest common divisor of 18731 and 8?
1
What is the greatest common divisor of 1030971 and 15639?
1203
Calculate the highest common divisor of 14520 and 3970824.
264
Calculate the greatest common divisor of 70652750 and 1575.
175
What is the greatest common divisor of 36897 and 661134?
753
What is the highest common factor of 62 and 3483253?
31
What is the greatest common divisor of 323694 and 1733130?
882
What is the greatest common divisor of 47376 and 251544?
1128
Calculate the highest common factor of 258042753 and 54.
27
Calculate the greatest common divisor of 13012035 and 14488.
1811
What is the greatest common factor of 26907975 and 60?
15
Calculate the greatest common factor of 150133891 and 79.
79
What is the greatest common divisor of 12672 and 13811424?
1056
Calculate the highest common factor of 12704 and 102752.
32
What is the greatest common divisor of 2474915 and 1541?
23
Calculate the highest common factor of 30148767 and 18711.
2673
Calculate the highest common factor of 31416 and 25961397.
3927
What is the highest common divisor of 10121770 and 7310?
430
What is the highest common factor of 3284688 and 8808?
24
Calculate the highest common factor of 393 and 1000939560.
393
Calculate the greatest common divisor of 556955133 and 21.
21
Calculate the highest common factor of 2218021 and 12688.
793
Calculate the highest common divisor of 2195907 and 1869.
21
Calculate the greatest common divisor of 14439919 and 85.
17
What is the greatest common divisor of 5236457 and 2167?
197
What is the highest common divisor of 1049 and 419156273?
1049
What is the highest common factor of 41495 and 4469549?
43
What is the highest common divisor of 3836384 and 27472?
1616
Calculate the highest common divisor of 17 and 9655337.
17
What is the highest common factor of 393 and 26695311?
393
What is the highest common divisor of 185 and 4904905?
185
What is the highest common divisor of 15000 and 19494600?
600
What is the greatest common factor of 260 and 4001280?
20
Calculate the highest common divisor of 222510365 and 693.
77
Calculate the highest common divisor of 10 and 21744760.
10
What is the highest common divisor of 11272 and 2354439?
1409
Calculate the highest common factor of 120 and 1170780552.
24
Calculate the greatest common factor of 74399658 and 6564.
3282
What is the highest common divisor of 3270 and 390040695?
1635
What is the highest common factor of 3152 and 9149862?
394
What is the highest common factor of 409778966 and 38?
38
Calculate the highest common factor of 795 and 1378159.
53
Calculate the greatest common factor of 2159064 and 377607.
573
Calculate the highest common divisor of 418496 and 352.
32
What is the greatest common factor of 238696384 and 40?
8
Calculate the greatest common factor of 1009680 and 8400.
1680
What is the greatest common divisor of 97774046 and 31274?
1646
Calculate the highest common divisor of 446966959 and 62.
31
What is the greatest common factor of 2 and 899617?
1
Calculate the highest common factor of 1663 and 51847351.
1663
What is the greatest common divisor of 1473985 and 8028883?
17341
Calculate the highest common divisor of 6844 and 820451876.
6844
Calculate the greatest common divisor of 708 and 23482.
118
What is the greatest common factor of 5378307 and 187?
187
Calculate the highest common factor of 334910 and 7737360.
3130
What is the greatest common divisor of 66625 and 47450?
325
Calculate the greatest common divisor of 5640 and 2542935.
705
Calculate the highest common factor of 44011 and 47773.
11
Calculate the greatest common divisor of 4845568 and 952.
56
Calculate the greatest common factor of 562920795 and 135.
45
Calculate the greatest common divisor of 3008 and 1326687424.
3008
Calculate the highest common factor of 742186 and 574526.
166
What is the highest common divisor of 875 and 69559?
7
What is the greatest common divisor of 7400500 and 25?
25
What is the greatest common divisor of 69420472 and 352?
88
What is the highest common factor of 36 and 14036805?
9
What is the highest common factor of 15509 and 44135?
13
What is the highest common divisor of 36 and 6705096?
12
What is the greatest common factor of 775797660 and 55?
55
Calculate the highest common factor of 312 and 64149891.
39
What is the highest common factor of 306972 and 1404?
36
Calculate the greatest common divisor of 2418 and 65584902.
186
Calculate the greatest common divisor of 1974 and 2191504.
14
Calculate the highest common factor of 2264030 and 217790.
290
What is the highest common divisor of 458198 and 1118?
26
Calculate the greatest common divisor of 211185008 and 14480.
2896
What is the greatest common factor of 119236590 and 130?
10
What is the greatest common factor of 30 and 302530330?
10
Calculate the greatest common factor of 173040 and 4725504.
336
What is the highest common factor of 246 and 4011194?
82
Calculate the highest common divisor of 5608 and 3420504.
8
Calculate the greatest common divisor of 602407 and 1639.
149
What is the greatest common divisor of 12510 and 2336400?
90
What is the greatest common factor of 30159 and 2215011?
3351
Calculate the greatest common divisor of 550845 and 14922.
9
What is the greatest common factor of 9725 and 841796?
389
What is the highest common divisor of 617295 and 10815?
105
Calculate the highest common factor of 324013 and 49356.
457
What is the highest common divisor of 2091 and 816?
51
What is the greatest common divisor of 2597 and 3553279?
53
What is the highest common factor of 31542692 and 755?
151
Calculate the highest common divisor of 3647 and 2716931119.
3647
Calculate the highest common factor of 15397 and 1310475.
173
Calculate the highest common factor of 228440 and 512.
8
Calculate the greatest common factor of 5470 and 9154592.
1094
What is the highest common factor of 13846 and 14132258?
322
What is the highest common divisor of 3185 and 275135?
245
Calculate the greatest common factor of 1654185 and 18811.
13
What is the highest common divisor of 5668219 and 17217?
1913
Calculate the highest common factor of 15178960 and 16660.
340
Calculate the greatest common divisor of 51574785 and 43592.
5449
What is the greatest common factor of 2323 and 18943358?
